Let s(k) = -13*k**2 + 9*k + 39. Let g(b) = -3 + 4*b**2 + b - b**2 - 3*b - 6. Let l(o) = 9*g(o) + 2*s(o). Determine l(-3).
6
Suppose -r + 5*v - 6 = 0, -36 - 45 = -4*r - v. Let k be ((-8)/(-5) - 2)*-5. Suppose -k*x - 17 = -r*x. Let s(l) = 26*l**2 + 1. Calculate s(x).
27
Suppose 15 = 2*d + 5. Suppose 2 = 5*m - 8. Let i(z) = -4 + 24 - z**3 - 13 - d*z + 10*z**m - 4*z**2. Determine i(5).
7
Let m(v) = v + 3. Let q(w) = w**3 + 6*w**2 - 7*w + 7. Let y be q(-7). Let x(f) = 8*f - 58. Let i be x(y). Determine m(i).
1
Let a(o) be the third derivative of -76*o**2 + 0*o**5 - 1/40*o**6 + 0 + 0*o + 0*o**3 + 0*o**4. Calculate a(-1).
3
Let i(f) = -107*f + 542. Let q(u) = -u**2 - 14*u + 152. Let w be q(-21). What is i(w)?
7
Let y(g) be the first derivative of -g**4/4 - 2*g**2 + 3*g - 1624. What is y(2)?
-13
Let o(w) = 4*w**2 - 22*w + 5. Let p(x) = 55*x - 2582. Let m be p(47). Calculate o(m).
-25
Let f(k) = k**3 - 28*k**2 + 25*k + 66. Let g be f(27). Let x(m) = g + 10*m**2 - 31*m**2 + 13*m**2 - 6*m - m**3. What is x(-7)?
5
Let m(r) = 2*r**2 - r - 1. Suppose -16*z = 41 - 73. Suppose -z*l = -3*l + 1, 3*a - 9 = -3*l. What is m(a)?
5
Let r = -6 + 4. Let x(h) be the third derivative of -1/30*h**5 - 1/24*h**4 - 1/120*h**6 + 0*h - 101 - 1/6*h**3 + h**2. Determine x(r).
1
Let j(r) = -r**2 - 6*r + 3. Let h(o) = o. Let c(i) = 3*h(i) + j(i). Suppose 0 = 5*y - 65 - 5. Let b be y/(-3) + -2 + (-24)/(-9). Give c(b).
-1
Let t(s) = -88*s - 4. Let c(b) = 330*b - 329. Let p be c(1). Calculate t(p).
-92
Let x(f) = f**2 + f + 3. Let p be x(0). Let o(n) = n**2 - 11*n - 21. Let s be o(13). Let j(l) = 9*l + s - 1 - 17*l + 5*l. What is j(p)?
-5
Let g(b) = -3*b + 2*b**2 + 5 + 3 + 6 + 1 + 5*b. Let o(j) = j - 2. Let n(k) = -g(k) - 6*o(k). Let a = -17 + 12. Determine n(a).
-13
Let f(r) = -6*r**3 + r**2 + 2*r + 1. Let u(s) = s**2 + 51*s + 96. Let t be u(-50). Let w = -47 + t. Determine f(w).
6
Let g(x) be the first derivative of -4*x**2 + 10*x - 2605. What is g(3)?
-14
Let k(i) = -i**3 + 9*i**2 - 9*i + 11. Suppose 289 = -8*s - 39. Let y(c) = -c**3 + c**2 - c - 33. Let x be y(0). Let n = x - s. Calculate k(n).
3
Suppose 2*q - 3*u - 28 = 0, -3*q + 17 + 25 = -5*u. Let s(b) be the second derivative of -b**4/12 + 7*b**3/3 + 3*b**2 + 316*b. Give s(q).
6
Let m(c) = 46*c**3 + 31*c**2 - 19*c - 22. Let b(v) = -25*v**3 - 16*v**2 + 10*v + 11. Let r(n) = -11*b(n) - 6*m(n). Give r(-10).
-29
Let l be (1 + 9/(-6))*4. Let z(v) be the third derivative of v**5/60 + 5*v**4/24 + v**3 + 2989*v**2. What is z(l)?
0
Let t(s) = 2*s - 8. Let m be t(7). Let b(o) = -7*o - o + m*o. Suppose -4 = 2*g + 3*a, -6 = -4*a + a. Give b(g).
10
Let n(s) = -76*s + 464. Let w be n(6). Suppose -41 + 105 = -w*j. Let c(k) = -k**3 - 7*k**2 + 6*k - 18. Determine c(j).
-2
Let y(z) be the first derivative of 3*z**2 - z - 3. Suppose 5*r = 2*a - 190, -a = -2*r + 2*a - 87. Let q be (r/(-28))/(-9) + (-16)/(-14). Determine y(q).
5
Let y(r) = -16*r + 477. Let v be y(34). Let x(l) = 70*l**3 + l. Let t be x(1). Let c = v + t. Let i(g) = g**3 - 4*g**2 + 2*g - 2. Determine i(c).
6
Let n(x) = 21*x**2 - 11*x - 151. Let s(j) = -2*j**2 + j + 14. Let g(r) = -2*n(r) - 22*s(r). What is g(2)?
2
Let c(v) = -2*v**2 - 40*v + 16. Suppose -1740 = -103*n + 190*n. Determine c(n).
16
Let p = 100 + -184. Let y = -82 - p. Let b(g) = 53 + y*g - 103 + 52. Give b(-6).
-10
Let a(s) = s**3 + 252*s - 15 - 489*s + 238*s - 41*s**2 + 42*s**2. Give a(0).
-15
Let r(o) be the first derivative of 3*o**2 - 19*o + 3523. Calculate r(-6).
-55
Suppose 3*h + 2 = d, 5*h + 30 = -3*d - 2*d. Let t be (-3 - 1 - h)/((-2)/5). Suppose 5 + 0 = -t*a. Let o(z) = -2*z. Determine o(a).
2
Let y(q) be the third derivative of -q**4/12 + q**3/6 + 28*q**2. Let f(v) = -13*v - 2. Let n(t) = -f(t) + 6*y(t). Suppose -p + 3*p + 12 = 0. What is n(p)?
2
Let k(s) = -s - 2 + 2 + 5. Let c(z) = -z + 5. Let a(f) = -5*c(f) + 4*k(f). Let t be (10 - 1)/((-138)/(-92)). Give a(t).
1
Let v(y) = 2*y**2 + 6*y - 5. Let d be (36 - 22)/(-3*(-2)/3). Suppose -4*a - 2*f - 25 + d = 0, -3 = a + 2*f. What is v(a)?
15
Let q(y) = -y**2 + 7*y - 1. Let r be (40/(-50))/(1/(-15)). Suppose b + r = 4*b. Suppose 5*a - b*a = 6. Give q(a).
5
Let t(o) = -7570*o + 12 - 7593*o + o**3 - 17*o**2 + 15178*o. Determine t(16).
-4
Suppose -7*q = -2*q - 80. Suppose -3*b = b + q. Let x(f) = -99*f - 17. Let r(t) = -70*t - 12. Let y(w) = 7*r(w) - 5*x(w). Determine y(b).
-19
Let r(g) be the first derivative of 3*g + 4*g**2 - 1/3*g**3 - 26. What is r(9)?
-6
Let z(y) = y**2 + 15*y - 78. Let u(n) = n**2 + 16*n - 76. Let i(g) = -5*u(g) + 6*z(g). What is i(-16)?
8
Suppose 0 = 3*o + 4*a - 142, 4*o + 2*a = 197 - 21. Let h = o + -40. Let b(k) = 0*k**h - 2*k + 0*k - k**2 - k**2 - k**3. What is b(-2)?
4
Let p be (-33 - -30) + (-1 - -4). Let o(d) be the third derivative of -5/6*d**3 + 0 - 1/60*d**5 - 16*d**2 + 0*d + p*d**4. What is o(0)?
-5
Let m(h) = -11222*h - 496. Let o(j) = 68*j + 3. Let x(u) = -3*m(u) - 496*o(u). What is x(-1)?
62
Let t = 97 + -72. Suppose 5*y - 2*a = -a - t, 8 = 2*y - 4*a. Let w(p) = 2*p + 9. Give w(y).
-3
Let c be (12/(-8)*(-24)/36)/1. Let v(w) = 7*w**2 - 2*w + 1. Determine v(c).
6
Let r(s) be the second derivative of -s**4/24 + 2*s**3 - 69*s**2/2 + 5*s. Let u(l) be the first derivative of r(l). Calculate u(5).
7
Suppose t - 6 = -2*h, -7*t + 2*t - 5*h + 5 = 0. Let p be (t/3)/((-4)/(-18)) + 3. Let j be (-9)/(81/42) - 2/p. Let n(l) = -l - 2. What is n(j)?
2
Let m(t) = -t**3 + 26*t**2 + 27*t + 8. Let x be m(27). Let p(r) = 142*r**2 + 10 + x*r - 63*r**2 - 78*r**2. What is p(-7)?
3
Suppose 3 - 47 = -4*h. Let i(z) = z**2 - 9*z - 24. Calculate i(h).
-2
Let i(x) be the first derivative of -x**4/4 - 14*x**3/3 - 8*x**2 - 38*x - 1511. Determine i(-13).
1
Let t be (((-459)/(-18))/(-3) + 9)*(-2 + 4). Let d(m) be the third derivative of 13*m**5/60 - m**3/6 - 9*m**2. Determine d(t).
12
Let i(h) be the second derivative of -3*h**3 + 15*h**2/2 - 99*h - 1. Determine i(1).
-3
Let j = -1002 - -1006. Let y(k) be the first derivative of k**3/3 - 3*k**2/2 - 41. Give y(j).
4
Let a(n) be the third derivative of n**5/60 + 7*n**4/24 - 19*n**3/6 - 2*n**2 - 3229. Give a(-8).
-11
Let u = 130 - 82. Let n = -46 + u. Let g(t) = -1. Let p(i) = 2*i**3 - 2*i + 1. Let d(q) = -g(q) + p(q). Calculate d(n).
14
Let l(q) = q**2 - 47*q + 439. Let y be l(13). Let p(h) = 30*h - 5. What is p(y)?
-95
Let a(y) = y**2 - 19*y + 29. Let v be (-4)/(-6) + 13*(-36)/(-27). Determine a(v).
11
Let v(a) = 159*a + 13. Let k(l) = 437*l + 40. Let x(g) = -4*k(g) + 11*v(g). Determine x(10).
-7
Let j = -39 - -25. Let w be ((-6)/4)/(j/28). Let g(o) = 12 - w + 1 + o. What is g(-6)?
4
Let d(u) = -5*u - 2 - 260*u + 270*u. Determine d(12).
58
Let u(c) = -c + 12. Let p(s) = -3*s**2 + 31*s - 7. Let b be p(10). Suppose 7*o - 8*o = 3*n, -b*o = -n. Give u(n).
12
Let m = -2 + 3. Let h be 3/330*10 - 4881/(-33). Let q(p) = 1 - h*p**2 + 301*p**2 + 6*p**3 - 153*p**2 + 3*p - 4*p. Determine q(m).
6
Let n(o) = 10*o - 1 - 12*o**3 - 24*o**3 + 2*o**2 + 35*o**3. Give n(4).
7
Let f(q) = -q**3 + 4*q**2 + 5*q - 2. Let j = 4555 + -4558. Calculate f(j).
46
Let w(p) = -64*p - 240. Let k(g) = -176*g - 479. Let v(q) = 3*k(q) - 7*w(q). Give v(3).
3
Let m(w) = -w**3 + 16*w**2 - 3*w + 45. Let r = -7677 - -7693. Determine m(r).
-3
Suppose 5*m - 352 = -6*m. Let s(g) = 41 + g - g**2 - m - 18 + 7*g. Calculate s(6).
3
Let w(s) = s**2 - s - 2*s**2 - 5*s - s + 3. Suppose 4*a + n = 2*n - 33, 4*n = a + 27. Let f be a*(-4 + 10/2). Determine w(f).
3
Let s(x) = x**3 + 8*x**2 - 15*x + 44. Let y(f) = 5*f**2 + 15*f - 30. Let i be y(-4). Determine s(i).
-6
Let w = 3 + -5. Let l be (1 - 0)*(-5)/(-5). Let q(s) = -4 - 3*s - l + 4 + 2*s**2 - 2. Calculate q(w).
11
Let i(p) = 13*p**2 - 7*p + 1. Let v(j) = 16*j**2 - 6*j + 4. Let d(h) = 5*i(h) - 4*v(h). Calculate d(-3).
31
Let a(k) = 13*k + 2813 - 2779 - 36*k**2 + 35*k**2. Give a(14).
20
Let q(f) = 3 - 30*f - 8*f + 43*f - 46*f. Let u(z) = -34*z + 4. Let h(a) = -5*q(a) + 6*u(a). Let y(m) = m**3 - 5*m**2 + 2*m - 1. Let t be y(4). Give h(t).
0
Let n(i) = -i**2 + 6*i - 5. Let s be n(4). Suppose -3*u = -s*f, 5*u = 3*u + 5*f - 9. Let m(j) = -4*j**3 + 6*j**3 + 5*j**u - j**2 - 3*j**3. Calculate m(-1).
-5
Suppose -3*m - 58 = -4*a, 3*a = 5*m + 64 + 18. Let l be ((-40)/m)/((-72)/(-252)). Let o(r) = r - 17. Let z(d) = -1. 